 3*p**2 + p + 3. Let d be q(-3). Suppose 4*b + 5 + 19 = d. Let a = 17 + b. What is the tens digit of a?
1
Suppose -2*u = -5*o + 44, 2 = -u - 0. Let t = o - 4. What is the units digit of t?
4
Let a = -3 + 2. Let h be 5 - 1*a/1. Suppose 0 = -h*j + 2*j + 24. What is the units digit of j?
6
Let t(a) be the second derivative of -a**5/20 - 5*a**4/4 - 7*a**3/3 + 8*a**2 - a. What is the units digit of t(-14)?
6
Let u be -1 + (6 - 6/2). Suppose -d - 3 = -u*d. Suppose d*z - 20 - 22 = 0. What is the tens digit of z?
1
Let w = 183 - 18. What is the tens digit of w?
6
Suppose -6 = -2*a + 4*a - 2*b, -2*a = -4*b. Let n(q) = q**3 + 7*q**2 - 5*q - 6. Let k be n(a). Suppose 2*j + 3*j - k = 0. What is the units digit of j?
2
Let m = -4 - -6. What is the tens digit of -1 + -1 - (-16 + m)?
1
Let u(h) = -h**2 - 5*h - 5. Let a be u(-5). Let m = 12 + a. What is the units digit of m?
7
Let c(a) = -2*a - 8. Let k be c(-6). Let l(s) = -s**2 + 5*s - 1. Let n be l(k). Suppose -3*t = -4*q - 22, -n*q + 0*q = -t + 14. What is the units digit of t?
2
Let j = 81 - 36. What is the units digit of j?
5
Let r = 7 + -5. Let v be (0 - -1)*(-2 - r). Let l = v + 11. What is the units digit of l?
7
Let v be 1/(((-12)/(-116))/(-3)). Let m = 50 + v. What is the tens digit of m?
2
Suppose 0 = -0*g - g + 8. Let d = g + -4. Let p = 12 + d. What is the tens digit of p?
1
Suppose 11 = -j - 1. Let q = -9 - j. What is the units digit of q?
3
Let u = 32 + -7. What is the tens digit of u?
2
Suppose h - 16 = b, 2*h - 83 = -3*h + 4*b. Suppose -w = -h - 4. What is the tens digit of w?
2
Let y(i) = i**2 - 2*i - 3. Let s be y(3). Suppose s*p = 3*p + 5*t - 64, 2*t - 104 = -4*p. What is the units digit of p?
8
Suppose 22 = -2*j + 62. What is the units digit of j?
0
Suppose 5*y - 4*l - 72 = -11, 0 = 3*y + 4*l - 43. What is the units digit of y?
3
Suppose -c = -5*c + 632. Let n be (-6)/33 + c/22. Let o = n - -4. What is the tens digit of o?
1
Let v(h) = 4*h - 15. What is the tens digit of v(15)?
4
Suppose -5*k - 5*x + 846 = -24, -4*x - 720 = -4*k. Suppose -k = -5*d + 98. What is the units digit of d?
5
Let z = 5 + -4. Let i = z - -2. Suppose 4*p = -3*d - 11, -p = -i*d - 4*p - 6. What is the units digit of d?
3
Let g(o) = -o**2 + 9*o + 7. Let a be (-1)/4 + 74/8. Let w be g(a). Suppose 5*c - 17 = -w. What is the units digit of c?
2
Suppose -4*x = -2*y + 7*y, 3 = -3*y - 3*x. Let u(g) = g**3 - 3*g**2 - 3*g + 3. What is the units digit of u(y)?
7
Let l(i) = -2*i - 10. What is the units digit of l(-12)?
4
Let o(d) = -8*d - 5. Let w be o(-3). Suppose 2*c - 23 = w. What is the tens digit of c?
2
Let c(u) = -u**2 - 15*u + 15. What is the units digit of c(-13)?
1
Suppose 2*d = 5*t, 2*d + 4*t - 8 = 10. What is the units digit of d?
5
Let b(h) = h**2 - 8*h + 9. Let i be b(8). Suppose 7*x + 44 = i*x. What is the units digit of x?
2
Let g(d) be the third derivative of -d**4/24 + 5*d**3/6 + 2*d**2. What is the units digit of g(0)?
5
Let w = 41 + -46. Suppose 0 = 5*a - n + 6 - 39, a + 3*n = -3. Let f = a - w. What is the tens digit of f?
1
Suppose 0 = 2*o - 6*o. Let b(h) = -4*h**2 - 1 + 1 + 3*h**2 + 1. What is the units digit of b(o)?
1
Let h(l) = l + 1. Suppose -5*c = 4*j + 5, 19 = 4*c - j + 2. Suppose -5*y = p - 23, -c*y - 29 = -8*y - 3*p. What is the units digit of h(y)?
5
Let f = 92 - -260. What is the units digit of f?
2
Let g = 1 - -1. Let j be (-8)/1*1/g. Let a = 0 - j. What is the units digit of a?
4
Let v = 166 - 52. What is the tens digit of v?
1
Let q(l) = -l**2 - 10*l - 6. Let n be q(-9). Let w = 21 - n. What is the tens digit of w?
1
Suppose -2*c = -0*c - 44. What is the units digit of c?
2
Let k(r) = r + 2. Let g be k(4). Let b(u) = u**3 - 4*u**2 + u + 3. Let o be b(3). Let l = o + g. What is the units digit of l?
3
Let x(u) = -178*u**3 - u - 1. What is the units digit of x(-1)?
8
Suppose -m = -3*y + 13, 22 = 5*y - 2*m - 0*m. Suppose y*v + 8 = -8. Let i = v + 17. What is the tens digit of i?
1
Suppose 24 + 16 = 4*g. What is the tens digit of ((-42)/g)/(1/(-5))?
2
Suppose -417 = -5*j + 8. What is the tens digit of j?
8
Let b = 29 + -10. Suppose x - 5*a = -x + b, 4*x + 5*a + 7 = 0. What is the units digit of x?
2
Let m = 115 + 10. What is the hundreds digit of m?
1
Let m = 17 + -12. Suppose g - 3 = m. What is the units digit of g?
8
Let l(k) = -3*k - 2. Let b(q) = q**2 + 7*q + 3. Let r(u) = 2*b(u) + 5*l(u). What is the tens digit of r(3)?
1
Let q = 151 - 76. What is the tens digit of q?
7
Let x(z) = -11*z**2 + 4*z + 3. Let i be x(5). Let b = i + 105. What is the units digit of 2/(-3)*b/14?
7
Let c(t) = 3*t**2 + t. Let j = -3 - -4. Let n be c(j). Suppose u = -3*u + n. What is the units digit of u?
1
Suppose 35*z + 94 = 37*z. What is the tens digit of z?
4
What is the units digit of (-3 - -1)*(-3 - 0)?
6
Let u = 21 + -15. Suppose 0*g = -3*g + u. Suppose -g*b = 4*d - 17 - 13, 0 = 3*b - 3*d - 9. What is the units digit of b?
7
What is the tens digit of (1 - -17) + (1 - 2)?
1
Suppose 3*a = 1 + 2. What is the units digit of (6/3)/(a/4)?
8
Suppose -2*p - 6 = z + 3*z, 6 = -z - 2*p. Let n be (-4 - -3)*(z + 1). Let b(t) = 3*t**2 - t. What is the units digit of b(n)?
4
Let b = 3 + 2. What is the units digit of b?
5
Let r = 5 + 16. Let p = r + -13. What is the units digit of p?
8
Suppose 0 + 5 = 5*p. Suppose -u + 2 = -5*b, -2*u = -2*b - 6*u + 8. Let h = b + p. What is the units digit of h?
1
Let p = -20 - -31. Suppose -q - 20 = -4*l, 2*l + 3*l = -2*q + 25. Suppose -u = -q*u - p. What is the tens digit of u?
1
What is the units digit of (-6)/8 + 5985/60?
9
What is the tens digit of 326/5*2 - 16/40?
3
Let o(i) be the second derivative of -i**3/3 + 2*i**2 - 2*i. What is the units digit of o(-6)?
6
Suppose 105 = 3*l - 5*k, 4*l + l - 153 = k. What is the tens digit of l?
3
Let l = 279 + -127. What is the hundreds digit of l?
1
Suppose -2 = -2*t, 69 = 2*g + 2*t - 7*t. What is the tens digit of g?
3
Suppose g = -3*g + 60. Suppose 2*p - 3*i = -g, 2*i = 3*p + 4*i + 55. What is the units digit of ((-16)/(-10))/(-4)*p?
6
Let f(d) = -4*d + 1. Let k be f(1). Let l(y) = 2*y**2 + 3*y + 3. Let u be l(-3). What is the units digit of (2/(-4))/(k/u)?
2
Let t = -11 + 16. Let h(m) = 3*m**2 - 8*m + 4. Let x be h(t). Suppose 5*k + 4*g = x, -4*g + 2*g + 16 = 2*k. What is the units digit of k?
7
Let c = 148 - 52. What is the tens digit of c?
9
Suppose -5*j - 21 = -0*j + 4*u, 4*u = -16. Let z be (2/(-6))/(j/6). Suppose h + h + 3*a - 27 = 0, -21 = -3*h + z*a. What is the units digit of h?
9
Let r = -25 - -18. Let c = -7 - r. Suppose -l - l + 26 = c. What is the tens digit of l?
1
Let j be (-6)/(-4)*8/6. Let w be 4/(-8) - 6/(-4). Let z = w + j. What is the units digit of z?
3
Suppose 0 = 5*z + m - 12, 5*z + 2*m = 10 + 4. Suppose z*o - 4 = 0, -4*o + 2*o - 2 = -3*l. Suppose l*t = t + 8. What is the units digit of t?
8
Suppose -2 = 2*y - 6. Suppose 4*d = y*d + 4. Suppose d*v = -h + 7, 2 = v + 3*h + 1. What is the units digit of v?
4
Suppose 2*u - l - 4 = 0, 0 = 4*u - 5*l - 8. Suppose -u*w = -2*i + 31 - 3, 0 = -4*i - w + 46. What is the tens digit of i?
1
Suppose -i - 6 = -3*i. Let v = 44 - i. What is the units digit of v?
1
Let u(v) = -v**3 - 5*v**2 - 2*v + 4. What is the units digit of u(-5)?
4
Let q(k) = 38*k**2 - 1. What is the tens digit of q(1)?
3
Let l = 1 + -4. What is the units digit of (2/l)/(12/(-126))?
7
Suppose -12 = 7*y - 3*y, -565 = -4*b - y. What is the tens digit of b?
4
Let d(q) = 135*q**2 + 3*q + 2. What is the hundreds digit of d(-1)?
1
Let l(i) = 18*i**3 - i + 1. Suppose 4*t - 8 = -0. Suppose x = 3*x - t. What is the units digit of l(x)?
8
Let b(s) = s**2 + 6*s + 8. Suppose x + 11 = n, 0 = -4*x - n + 2*n - 38. Let f be b(x). Suppose -q - f = -6*q. What is the units digit of q?
7
Suppose 0*j - 4*w = 4*j - 268, 0 = 4*w - 12. What is the units digit of j?
4
Let w = -16 - -31. Suppose -9*k = -4*k - 25. Let h = w - k. What is the units digit of h?
0
Suppose -k = 3*p + 6, 6 = 4*k - 5*k + p. What is the units digit of (k - -1)*(-240)/50?
4
Suppose -4*j - 12 = -0*j. What is the tens digit of (-69)/j + (-1 - 2)?
2
Let f(k) = 8*k + 26. What is the units digit of f(22)?
2
What is the tens digit of 2 + 1 - (-42 + 0)?
4
Suppose -3*b + 5*b + 14 = 0. Let s(h) be the second derivative of h**4/12 + h**3 - 5*h**2/2 - 2*h. What is the units digi